64 is divided by 209583.
1381
What is the remainder when 17479134 is divided by 7088?
126
Calculate the remainder when 18451845 is divided by 9225873.
99
Calculate the remainder when 14428412 is divided by 801.
800
What is the remainder when 56171967 is divided by 30?
27
Calculate the remainder when 685663 is divided by 22.
11
Calculate the remainder when 32459 is divided by 8086.
115
Calculate the remainder when 1328768 is divided by 277.
276
Calculate the remainder when 11357948 is divided by 43517.
11
What is the remainder when 3698563 is divided by 1282?
1275
Calculate the remainder when 819885 is divided by 554.
519
Calculate the remainder when 895619 is divided by 447787.
45
Calculate the remainder when 6301325 is divided by 50817.
17
Calculate the remainder when 23384 is divided by 1427.
552
What is the remainder when 42662 is divided by 42309?
353
Calculate the remainder when 813866 is divided by 1006.
12
Calculate the remainder when 1122259 is divided by 44890.
9
What is the remainder when 116642 is divided by 835?
577
Calculate the remainder when 48581 is divided by 5768.
2437
Calculate the remainder when 4887215 is divided by 315.
305
What is the remainder when 50584 is divided by 2974?
26
Calculate the remainder when 20888 is divided by 4581.
2564
Calculate the remainder when 1564241 is divided by 146.
143
Calculate the remainder when 212459470 is divided by 816.
814
Calculate the remainder when 304286 is divided by 7186.
2474
What is the remainder when 60371 is divided by 1179?
242
What is the remainder when 31488509 is divided by 96?
29
Calculate the remainder when 112303 is divided by 733.
154
What is the remainder when 22607453 is divided by 455?
323
Calculate the remainder when 33651 is divided by 8081.
1327
Calculate the remainder when 175420 is divided by 3132.
28
What is the remainder when 11498642 is divided by 122?
20
Calculate the remainder when 2462 is divided by 76.
30
What is the remainder when 12988 is divided by 6485?
18
Calculate the remainder when 3868467 is divided by 386844.
27
Calculate the remainder when 791320 is divided by 6332.
6152
What is the remainder when 39199647 is divided by 1940?
7
Calculate the remainder when 4880361 is divided by 734.
729
Calculate the remainder when 51954 is divided by 70.
14
Calculate the remainder when 4913475 is divided by 818854.
351
Calculate the remainder when 2824933 is divided by 8141.
6
What is the remainder when 21914296 is divided by 102?
4
Calculate the remainder when 57849046 is divided by 772.
770
What is the remainder when 3584518 is divided by 1916?
1598
What is the remainder when 56668 is divided by 10531?
4013
What is the remainder when 2216984 is divided by 4697?
0
What is the remainder when 67396 is divided by 2849?
1869
What is the remainder when 560328 is divided by 306?
42
What is the remainder when 18961025 is divided by 71?
49
Calculate the remainder when 2148671 is divided by 2148517.
154
Calculate the remainder when 15300678 is divided by 2185783.
197
What is the remainder when 72269 is divided by 18036?
125
What is the remainder when 11284799 is divided by 5308?
5299
What is the remainder when 2772769 is divided by 18485?
19
What is the remainder when 35700605 is divided by 8?
5
What is the remainder when 3374 is divided by 138?
62
Calculate the remainder when 98826047 is divided by 763.
761
What is the remainder when 627485 is divided by 625692?
1793
Calculate the remainder when 2624731 is divided by 23.
17
Calculate the remainder when 59162 is divided by 1983.
1655
What is the remainder when 1176066 is divided by 705?
126
Calculate the remainder when 5652 is divided by 4853.
799
What is the remainder when 16193183 is divided by 131?
11
What is the remainder when 37704098 is divided by 244?
242
Calculate the remainder when 1008252 is divided by 67147.
1047
Calculate the remainder when 21225254 is divided by 191.
188
Calculate the remainder when 1072403 is divided by 1561.
1557
Calculate the remainder when 230300 is divided by 194.
22
Calculate the remainder when 20649 is divided by 1914.
1509
What is the remainder when 4683615 is divided by 75542?
11
Calculate the remainder when 1071236 is divided by 2801.
1254
What is the remainder when 26405770 is divided by 523?
23
Calculate the remainder when 452604 is divided by 526.
244
Calculate the remainder when 589292766 is divided by 129.
126
Calculate the remainder when 18857868 is divided by 153316.
0
What is the remainder when 777663 is divided by 31?
28
Calculate the remainder when 423550 is divided by 39.
10
Calculate the remainder when 660780 is divided by 330383.
14
Calculate the remainder when 3946769 is divided by 2456.
2433
What is the remainder when 299577 is divided by 299539?
38
What is the remainder when 1005983 is divided by 126?
125
Calculate the remainder when 4196250 is divided by 2098119.
12
Calculate the remainder when 4042164 is divided by 179.
165
What is the remainder when 1458337 is divided by 511?
454
Calculate the remainder when 4647793 is divided by 103281.
148
What is the remainder when 1194916 is divided by 4178?
8
What is the remainder when 2622009 is divided by 1310886?
237
Calculate the remainder when 44016 is divided by 43564.
452
Calculate the remainder when 5350735 is divided by 694.
689
Calculate the remainder when 237855 is divided by 237332.
523
Calculate the remainder when 1849128 is divided by 409.
39
What is the remainder when 19096899 is divided by 154?
129
Calculate the remainder when 569507 is divided by 284695.
117
What is the remainder when 13108220 is divided by 256?
252
What is the remainder when 62833137 is divided by 29?
26
What is the remainder when 10682920 is divided by 345?
340
Calculate the remainder when 4786167 is divided by 9.
3
Calculate the remainder when 211053983 is divided by 5272.
7
What is the remainder when 92618 is divided by 18410?
568
What is the remainder when 319050 is divided by 1358?
1278
Calculate the remainder when 54545 is divided by 18070.
335
Calculate the remainder when 15643197 is divided by 1322.
1293
What is the remainder when 115711 is divided by 109023?
6688
What is the remainder when 80147782 is divided by 1998?
10
What is the remainder when 2171 is divided by 1822?
349
Calculate the remainder when 3255845 is divided by 4503.
176
What is the remainder when 11084335 is divided by 85?
80
Calculate the remainder when 5886873 is divided by 980.
13
Calculate the remainder when 1382791 is divided by 1816.
815
Calculate the remainder when 427892341 is divided by 39841.
1
What is the remainder when 450174 is divided by 52?
10
What is the remainder when 500851952 is divided by 346?
344
Calculate the remainder when 1043622785 is divided by 33.
29
What is the remainder when 3763 is divided by 10?
3
What is the remainder when 105053 is divided by 104960?
93
Calculate the remainder when 6983969 is divided by 30.
29
What is the remainder when 3426363 is divided by 669?
414
What is the remainder when 54860 is divided by 6027?
617
Calculate the remainder when 4993 is divided by 440.
153
Calculate the remainder when 208853 is divided by 549.
233
Calculate the remainder when 16181 is divided by 77.
11
What is the remainder when 524228 is divided by 257595?
9038
What is the remainder when 29958895 is divided by 38?
37
Calculate the remainder when 2474418 is divided by 10.
8
What is the remainder when 161191 is divided by 936?
199
Calculate the remainder when 204467627 is divided by 58.
53
What is the remainder when 3183784 is divided by 17397?
133
Calculate the remainder when 71972 is divided by 386.
176
What is the remainder when 194486 is divided by 1778?
684
What is the remainder when 33899 is divided by 2362?
831
Calculate the remainder when 4312312 is divided by 287486.
22
What is the remainder when 4606776 is divided by 1083?
777
Calculate the remainder when 66180 is divided by 6463.
1550
Calculate the remainder when 1613615 is divided by 8769.
119
Calculate the remainder when 239035 is divided by 34099.
342
What is the remainder when 12871196 is divided by 11523?
5
What is the remainder when 317886 is divided by 13820?
26
Calculate the remainder when 139620173 is divided by 1899.
1895
Calculate the remainder when 211939 is divided